
-3
Let g = -139 + 138. Let k(i) = 7*i**3 + 2*i**2 - 1. What is k(g)?
-6
Let k(d) be the third derivative of 1/12*d**4 + 0*d + 4*d**2 + 0 + 1/6*d**3. Give k(-3).
-5
Let p(a) = -a + 3. Suppose 2*t + 4 = 2*n, 0*n = -4*n - 5*t + 35. What is p(n)?
-2
Suppose 13 = 2*y + 1. Let a(d) = d**3 - 6*d**2 - 2*d + 1. Calculate a(y).
-11
Let t(h) = h**2 + 10*h + 2. Let o = -13 + 8. Give t(o).
-23
Let b(q) = -6*q + 1. Let p be 22/4*6 + 0. Suppose -8 = 5*d - p. Suppose 2 + 3 = -d*j. What is b(j)?
7
Let l(c) = -c**2 + c + 1. Suppose 8 = 9*n - 5*n. Give l(n).
-1
Let q(o) be the third derivative of -o**2 + 0 + 0*o - 1/6*o**5 + 1/6*o**3 + 0*o**4. Let z(x) = x**2 - 1. Let b be z(0). Give q(b).
-9
Suppose -3 = -3*w - g - 9, 9 = 3*g. Let n(z) = 3*z + 3. Give n(w).
-6
Let r(k) = k - 9. Let d(m) = -m**3 + 5*m**2 + 5. Let j = 4 - -1. Let v be 10/(j/((-10)/(-4))). Let x be d(v). Give r(x).
-4
Let q(u) = 3*u + 3*u - 5*u. Let j be 1 + (0 - (-4 - 0)). Calculate q(j).
5
Suppose 0 = 2*q + q. Let u = -2 - -5. Let f = q + u. Let j(o) = o - 3. Determine j(f).
0
Suppose 2*p = 4*p - 5*s + 7, -5 = p - 3*s. Suppose -8 = 3*b + p. Let n(h) = h + 2. Give n(b).
-2
Let t(c) be the second derivative of c**2 + 0 + 1/3*c**3 - 5*c. Suppose 2*m + 2*m = -16. What is t(m)?
-6
Let n(r) = 2*r + 8. Let s be (2 + (-18)/(-3))/(-1). Let q = -14 - s. Give n(q).
-4
Let h(f) = 5*f**3 + 8*f**2 - 12*f - 3. Let t(v) = v**3 - v. Let q(z) = -h(z) + 6*t(z). What is q(7)?
-4
Let m(d) be the third derivative of -3*d**2 + 0*d - 1/24*d**4 + 0 + 2/3*d**3. Let c = 1 + -1. Give m(c).
4
Let c(q) = q**3 + 5*q**2 + 3*q + 1. Let t(y) = -y + 1. Let u be t(3). What is c(u)?
7
Suppose -2*l - 4*k = 3 - 1, 0 = 2*k. Let w be (-2 + 4)/(-2)*l. Let o(b) = b**3 + 26*b**2 - 3 - 25*b**2 - 10 + 12. Calculate o(w).
1
Suppose -b = 2*j - j - 5, -2*b - j = -7. Let p be (b - 2)*1/(-2). Suppose 0 = 4*x - 4*h - 28, x - 3*h + h - 9 = p. Let l(o) = -o. Calculate l(x).
-5
Let d(p) = p**3 - 5*p**2 - 3*p + 7. Suppose 0 = -4*b + m + 22, 2*b + m - 26 = -2*b. What is d(b)?
25
Let x(i) = -i + 7. Let f be x(5). Suppose -p = f*q - 3*q - 8, -4*q = 0. Suppose 0*d - p = -2*d. Let r(z) = -3*z + 6. What is r(d)?
-6
Let s(i) = i**2 - 5*i - 4. Let p be s(5). Let g be 38/14 - p/14. Suppose -g*c + 6*c + 9 = 0. Let f(v) = v**3 + 3*v**2 + v + 1. Determine f(c).
-2
Let o(n) be the third derivative of -13*n**6/120 - n**5/60 + n**3/6 + 2*n**2 - 5*n. Give o(1).
-13
Suppose 0 = 2*t - 5*r - 34, 2*t = -5*r - 3 - 3. Let d(k) be the second derivative of -k**4/12 + k**3 + 4*k**2 - 4*k. What is d(t)?
1
Suppose -17 = 3*l - 5*l - 3*a, 3*a - 1 = 2*l. Let n(q) = 1 - 6*q + 7*q**2 - 6*q**2 + l*q. Calculate n(2).
1
Let a(v) = -v**3 + 3*v**2 + 5*v - 1. Let i(p) = -p**3 + 22*p**2 + 22*p + 27. Let n be i(23). Determine a(n).
3
Let l(i) be the first derivative of 2*i**2 + 19. Give l(-1).
-4
Suppose 8 + 7 = -5*w. Let m be (-1 - 1) + (-6 - -14). Let d(l) = -m*l**3 + 3*l + 5*l**3 - 3*l + 2 - 3*l**2. What is d(w)?
2
Let w(d) = d - 3. Let z(l) = -1. Let o(v) = -w(v) + 4*z(v). Give o(-1).
0
Suppose 3 = 3*d - 0. Let b(n) = n + 1. Let u(v) = -4*v - 1 + 7*v + 4 - 1. Let k(o) = -10*b(o) + 5*u(o). Give k(d).
5
Let q(r) = 2*r**3 - 8*r**2 + 5*r - 3. Let u be q(3). Let y(z) = 6*z + z**2 + 4 + 0*z**2 + 3. Calculate y(u).
7
Let f(z) be the second derivative of -z**5/30 + z**4/6 - z**3/3 - 3*z**2/2 + 2*z. Let i(d) be the first derivative of f(d). Let c = 19 - 16. Determine i(c).
-8
Let f(i) = -2*i. Let k = -56 - -34. Let s be 4/(-18) + k/(-18). Calculate f(s).
-2
Suppose 3*l + 3*m - 24 = 0, -4 = -4*l + 4*m + 12. Let g = l + -2. Let w(y) = 3*y - g*y - y. Determine w(2).
-4
Suppose 0 = -3*x + 4 + 8. Suppose x = -2*i + 3*i. Let d(j) = 2*j - i - 3*j + 2. What is d(-5)?
3
Let f(b) = b**3 + 2*b**2 - 3*b - 4. Let m be f(-2). Let o(y) = y + 2. Calculate o(m).
4
Suppose 4*s + s + 30 = 4*g, 2*s + 4*g + 12 = 0. Let q(c) = 2*c + 1. Let z be q(4). Let u(y) = -3*y - 4 - z*y**2 + 2*y**2 - y**3 - 3*y. What is u(s)?
-4
Let u(t) = 4*t**2 + t**2 - 4*t**2 + 3 - 5*t. Calculate u(4).
-1
Let u(a) = 0*a**2 - 3*a**2 + 18*a**2 + 3*a**2. Determine u(1).
18
Let s = -2 - -6. Let l(n) be the first derivative of -1 - 1/2*n**2 + 2*n. What is l(s)?
-2
Let x(m) = m**2 + 4 - 8 - m**3 - 6*m**2 - 1 - 4*m. What is x(-4)?
-5
Let j(p) be the second derivative of -p**5/20 - p**4/2 - p**3/6 + p**2 + 5*p. Determine j(-6).
8
Let n(u) = u**3 - 6*u**2 + 3*u - 1. Suppose -4*d = -12 - 8. Determine n(d).
-11
Let m(s) = s**2 + s - 6. Let o = 2 - -4. Let k(r) = -r + 1. Let z(f) = o*k(f) + m(f). Give z(4).
-4
Let y be (-3)/(-2)*2*-1. Let i(n) = 1 - 6*n + 1 + 3*n + 48*n**2 - 49*n**2. Give i(y).
2
Let y(i) = -8*i - 1. Let k(h) = h**3 + 7*h**2 + 4*h + 5. Let d be k(-6). Let c = -18 + d. Determine y(c).
7
Let i(h) = -2*h**2 + 4*h - 2. Let b = 28 - 25. Give i(b).
-8
Let z(o) = 5*o. Suppose -5*f = -u + 3*u - 21, -6 = 2*u - 4*f. Suppose -u*n = -g - 4, -4*g + 29 = 3*n - 0*g. Suppose 4*l + 1 = n*l. Give z(l).
-5
Let c be (-2)/(-4)*0/4. Let p(w) be the first derivative of 1/4*w**4 + w + c*w**2 - w**3 + 1. Give p(2).
-3
Let w(t) = -5*t**3 - 4*t**2 - 8*t + 10. Let k(x) = 4*x**3 + 3*x**2 + 7*x - 9. Let h(l) = -6*k(l) - 5*w(l). What is h(-3)?
1
Suppose -4*f + 52 = -4. Let s = f - 10. Suppose j + s = 3. Let u(r) = -2*r. Give u(j).
2
Suppose 0 = 2*o + 1 - 13. Let y(h) = -h**3 + 7*h**2 - 7*h + 5. Give y(o).
-1
Let l(p) be the first derivative of p**2/2 + p - 6. Let k(w) = w. Let g(n) = -k(n) + 2*l(n). What is g(-4)?
-2
Let j(o) = -6*o - 4. Let l(m) = -2 + 2*m - m - 1 - 6*m. Let b(d) = 4*j(d) - 5*l(d). Give b(5).
4
Let t(f) = f**3 - f - 1. Let j(c) = 5*c**3 + 5*c**2 - 1. Let q(o) = j(o) - 3*t(o). Give q(-3).
-16
Let c(s) = -s**3 + s + 2. Suppose 10*w = 17*w. Give c(w).
2
Let o(n) be the second derivative of -1/6*n**3 + 6*n + 0 - n**2. Determine o(4).
-6
Let p(o) = -o**3 + 15*o**2 + 15*o + 17. Let m be p(16). Let v(l) = 8*l**3 + 8*l**3 - 7*l**3. What is v(m)?
9
Suppose -1 = -2*b + 7. Let c(r) = r**3 - 4*r**2 - 3*r. What is c(b)?
-12
Let g(o) be the first derivative of o**5/60 + 2*o**3/3 + 1. Let s(u) be the third derivative of g(u). Suppose -a + 3*n = 9, 26 = -a + 3*a + 5*n. Determine s(a).
6
Let h(b) = 1411*b**2 - 2 + 3 + 6*b**3 - 1413*b**2. What is h(-1)?
-7
Let t(q) = 2*q**3 + 2*q**2 + 7*q - 12. Let x(i) = i**3 + i**2 + 3*i - 6. Let f(z) = -3*t(z) + 7*x(z). Let w = 11 + -11. What is f(w)?
-6
Let b be (-6)/(-10) - ((-288)/(-30) + -4). Let h(l) = 2*l + 7. What is h(b)?
-3
Let l(v) = -5*v - 2. Let w(p) be the second derivative of -p**3 - 3*p**2/2 + 2*p. Let q(r) = -3*l(r) + 2*w(r). Let h be ((-4)/3)/(4/(-6)). Give q(h).
6
Let d(b) = -b - 5 + 5*b - 5*b. Determine d(5).
-10
Let s(o) be the first derivative of 3*o + o**2 - 1/4*o**4 + o**3 - 6. What is s(3)?
9
Let c(y) = -2*y - 20 + 32 - 14. Give c(5).
-12
Let x(l) = -l + 3*l + l - 4*l. Determine x(0).
0
Let o(u) = -u - 1. Let q be o(-4). Let f(h) = h**3 - 2*h**2 - h - 4. Determine f(q).
2
Let r be (-132)/(-21) - 6/21. Let l(k) = -k. Let c be l(r). Let b(j) = j + 3. Give b(c).
-3
Suppose -3*s + 2*s = 3. Let a(g) be the second derivative of g**4/12 + 2*g**3/3 + g**2/2 - 11*g. Give a(s).
-2
Let w(l) = 3*l + 2. Suppose -m + 1 = -3. Suppose -3*k = -5 - 1. Suppose -4*c = -3*r - 6, -k*r - c - 5 = -m*c. What is w(r)?
8
Let m(q) be the first derivative of -1 + 4/3*q**3 - 4*q + 0*q**2 + 1/4*q**4. What is m(-4)?
-4
Let l(c) = -c**3 - 7*c**2 + 3*c + 7. Let o be 2 + 6/(-3) + -7. What is l(o)?
-14
Let a(v) = -1. Let b(q) = -q + 1. Let s(n) = -a(n) + b(n). What is s(3)?
-1
Let t be 12/(-8)*4/(-6). Let x be t/(1 + 0)*-2. Let y(r) be the first derivative of -r**4/4 - r**3/3 + 2*r - 2. Calculate y(x).
6
Let g(c) = 4*c**2 - 4*c + 3. Let i(o) be the third derivative of -o**6/120 + o**5/15 + o**4/24 - o**3/3 + 5*o**2. Let d be i(4). Give g(d).
11
Suppose -7 = -v - 2, 2*b - 29 = -v. Let j be (-2)/(-8) - (-21)/b. Let o(m) = m + 2 + j*m - m. Give o(-3).
-4
Suppose 6*n + 15 = 9*n. Let x(r) be the first derivative of -r**4/12 + 2*r**3/3 + 5*r**2/2 - 2*r + 2. Let i(k) be the first derivative of x(k). Determine i(n).
0
Let f(l) be the first derivative of 3 - 1/2*l**3 + 0*l - l**2 + 1/8*l**4. Let t(p) be the second derivative of f(p). What is t(2)?
3
Suppose 0 = 6*g - 2*g. Let p be (g - (5 - 2)) + -2. Let m(u) = 3*u + 3. Let a(b) = -2*b - 2. Let